s the highest common divisor of 225 and 10230?
15
What is the greatest common factor of 14 and 1525202?
14
Calculate the greatest common divisor of 75 and 258255.
15
Calculate the greatest common divisor of 255106 and 8702.
458
What is the greatest common factor of 7601 and 44?
11
Calculate the greatest common factor of 2373 and 1134.
21
Calculate the greatest common factor of 312 and 3936.
24
What is the highest common divisor of 32500 and 160?
20
What is the highest common divisor of 53775 and 1125?
225
What is the greatest common factor of 519 and 1263246?
519
Calculate the greatest common factor of 341581 and 51.
17
What is the highest common factor of 457780 and 3409?
487
What is the greatest common divisor of 55327 and 122?
61
Calculate the greatest common factor of 760330 and 4865.
695
What is the greatest common divisor of 25297 and 61700?
617
What is the greatest common divisor of 3408 and 38136?
24
Calculate the greatest common divisor of 49 and 1287412.
7
What is the greatest common divisor of 48516 and 8424?
156
What is the highest common factor of 4 and 12131?
1
What is the greatest common factor of 45879 and 351?
3
What is the highest common factor of 14250 and 11780?
190
What is the highest common factor of 74446 and 2?
2
What is the highest common factor of 16 and 262144?
16
What is the greatest common factor of 256 and 2576?
16
What is the highest common factor of 1965488 and 784?
784
Calculate the greatest common factor of 44 and 2452.
4
Calculate the greatest common factor of 801121 and 3656.
457
Calculate the greatest common factor of 32398 and 7348.
334
What is the highest common divisor of 63030 and 6?
6
Calculate the highest common divisor of 168 and 20928.
24
What is the highest common divisor of 30960 and 44?
4
What is the highest common factor of 58 and 1098462?
58
Calculate the highest common divisor of 390 and 13494.
78
Calculate the greatest common factor of 62664 and 168.
168
Calculate the greatest common divisor of 290724 and 56.
28
What is the highest common factor of 439664 and 16?
16
What is the highest common factor of 323 and 13889?
323
Calculate the highest common divisor of 16471 and 67977.
91
Calculate the highest common factor of 1050890 and 665.
95
Calculate the highest common divisor of 289 and 6341.
17
What is the highest common divisor of 10485 and 27765?
45
Calculate the highest common factor of 10669 and 8399.
227
What is the greatest common factor of 1131 and 10608?
39
Calculate the greatest common divisor of 2967 and 5313.
69
What is the highest common factor of 54 and 182529?
9
Calculate the greatest common factor of 299232 and 3744.
288
What is the greatest common factor of 121616 and 144?
16
What is the highest common divisor of 2143042 and 319?
319
Calculate the greatest common divisor of 87 and 5496.
3
Calculate the highest common factor of 1529 and 33.
11
Calculate the highest common factor of 52 and 24608.
4
What is the highest common divisor of 928 and 8265?
29
What is the highest common factor of 737 and 12980?
11
Calculate the highest common factor of 9960 and 120.
120
What is the greatest common factor of 23134 and 602?
86
What is the greatest common factor of 2587 and 151?
1
Calculate the greatest common factor of 1 and 20645.
1
What is the greatest common divisor of 32 and 77616?
16
What is the greatest common divisor of 370677 and 2512?
157
What is the greatest common divisor of 63 and 11376?
9
Calculate the highest common factor of 463144 and 363.
11
What is the highest common factor of 41123 and 2788?
697
What is the highest common factor of 17876 and 57988?
436
Calculate the greatest common divisor of 19 and 3765.
1
Calculate the greatest common divisor of 12 and 34548.
12
Calculate the highest common factor of 97072 and 80.
16
Calculate the highest common divisor of 3195759 and 1953.
651
What is the greatest common factor of 180 and 57660?
60
Calculate the greatest common divisor of 139041 and 126.
63
What is the highest common factor of 221034 and 1970?
394
What is the highest common factor of 147098 and 1264?
158
What is the highest common divisor of 8556 and 666?
6
Calculate the highest common divisor of 31836 and 21.
21
What is the highest common factor of 48 and 2739204?
12
Calculate the greatest common divisor of 4940523 and 21.
21
Calculate the greatest common divisor of 5422744 and 4120.
824
What is the highest common divisor of 1730 and 235?
5
Calculate the greatest common divisor of 226747 and 197.
197
What is the greatest common divisor of 902276 and 4?
4
Calculate the highest common factor of 77459 and 261.
29
What is the greatest common divisor of 62340 and 192?
12
Calculate the highest common factor of 1084992 and 288.
96
Calculate the greatest common divisor of 18 and 39022.
2
What is the highest common divisor of 36904 and 224?
56
Calculate the greatest common divisor of 962 and 23569.
481
What is the greatest common factor of 94692 and 36?
12
What is the greatest common factor of 78 and 3666?
78
Calculate the greatest common factor of 136 and 9936.
8
What is the highest common factor of 4769 and 12550?
251
What is the greatest common factor of 305174 and 14?
2
Calculate the highest common factor of 9418 and 1666.
34
Calculate the greatest common factor of 1410104 and 152.
152
Calculate the highest common divisor of 7984 and 1216.
16
What is the highest common factor of 96 and 612732?
12
Calculate the greatest common factor of 177267 and 2109.
111
What is the highest common factor of 104 and 4232?
8
What is the greatest common divisor of 120 and 17520?
120
What is the greatest common divisor of 501128 and 32?
8
Calculate the greatest common divisor of 990 and 1166.
22
What is the highest common divisor of 110 and 69210?
10
Calculate the greatest common divisor of 30 and 3370.
10
What is the highest common factor of 8964 and 23292?
36
Calculate the highest common factor of 4 and 178168.
4
Calculate the highest common factor of 1265 and 40.
5
What is the highest common divisor of 18046 and 2?
2
Calculate the greatest common divisor of 76 and 499377.
19
What is the greatest common divisor of 1687 and 504?
7
Calculate the greatest common divisor of 20450 and 103886.
818
What is the greatest common factor of 782 and 3?
1
Calculate the greatest common factor of 1250 and 9625.
125
Calculate the highest common factor of 1432 and 2390008.
1432
Calculate the greatest common factor of 6 and 19287.
3
What is the greatest common factor of 149 and 7496041?
149
What is the highest common divisor of 5627 and 34?
17
What is the greatest common divisor of 1602 and 457727?
89
Calculate the highest common divisor of 55608 and 16.
8
What is the greatest common divisor of 6181 and 17660?
883
Calculate the highest common factor of 25 and 165925.
25
What is the greatest common divisor of 1830 and 41115?
15
What is the highest common factor of 11000 and 7744?
88
Calculate the greatest common factor of 16562 and 1218.
14
Calculate the highest common factor of 13359 and 1281.
183
What is the highest common factor of 2205699 and 915?
183
Calculate the greatest common factor of 404 and 268.
4
What is the highest common divisor of 1419 and 352?
11
Calculate the greatest common divisor of 303487 and 38.
19
Calculate the highest common factor of 410 and 248870.
410
What is the greatest common divisor of 124425 and 553?
553
Calculate the greatest common divisor of 53755 and 15.
5
Calculate the greatest common factor of 1518 and 11000.
22
Calculate the highest common divisor of 36 and 120123.
9
What is the highest common factor of 45184 and 128?
128
Calculate the greatest common divisor of 17953 and 286.
13
Calculate the greatest common factor of 285 and 44859.
57
Calculate the highest common divisor of 599 and 818833.
599
Calculate the highest common divisor of 15884 and 704.
44
What is the greatest common factor of 60146 and 2196?
122
What is the highest common factor of 141 and 310529?
47
What is the greatest common divisor of 156 and 115908?
156
Calculate the highest common factor of 183162 and 49.
49
Calculate the highest common factor of 112 and 497.
7
Calculate the highest common divisor of 20470 and 805.
115
What is the highest common factor of 5885 and 5709627?
1177
What is the grea